emainder when 517 is divided by 269?
248
What is the remainder when 2934 is divided by 33?
30
Calculate the remainder when 334 is divided by 48.
46
What is the remainder when 211 is divided by 13?
3
What is the remainder when 1619 is divided by 28?
23
What is the remainder when 251 is divided by 20?
11
Calculate the remainder when 1201 is divided by 1126.
75
Calculate the remainder when 711 is divided by 16.
7
Calculate the remainder when 199 is divided by 26.
17
Calculate the remainder when 232 is divided by 8.
0
Calculate the remainder when 336 is divided by 49.
42
Calculate the remainder when 1860 is divided by 921.
18
What is the remainder when 548 is divided by 221?
106
What is the remainder when 433 is divided by 26?
17
What is the remainder when 485 is divided by 6?
5
Calculate the remainder when 9274 is divided by 78.
70
What is the remainder when 57 is divided by 45?
12
What is the remainder when 122 is divided by 50?
22
Calculate the remainder when 234 is divided by 34.
30
What is the remainder when 1097 is divided by 218?
7
Calculate the remainder when 59 is divided by 27.
5
What is the remainder when 12747 is divided by 75?
72
Calculate the remainder when 169 is divided by 87.
82
Calculate the remainder when 38 is divided by 25.
13
Calculate the remainder when 25 is divided by 7.
4
What is the remainder when 494 is divided by 72?
62
What is the remainder when 2554 is divided by 73?
72
What is the remainder when 234 is divided by 89?
56
Calculate the remainder when 58 is divided by 13.
6
What is the remainder when 4094 is divided by 315?
314
What is the remainder when 211 is divided by 90?
31
Calculate the remainder when 1403 is divided by 39.
38
Calculate the remainder when 173 is divided by 64.
45
What is the remainder when 276 is divided by 93?
90
What is the remainder when 1124 is divided by 25?
24
Calculate the remainder when 222 is divided by 81.
60
Calculate the remainder when 777 is divided by 87.
81
What is the remainder when 1819 is divided by 150?
19
Calculate the remainder when 923 is divided by 84.
83
What is the remainder when 55 is divided by 32?
23
What is the remainder when 858 is divided by 48?
42
Calculate the remainder when 39 is divided by 14.
11
Calculate the remainder when 1072 is divided by 10.
2
What is the remainder when 941 is divided by 63?
59
Calculate the remainder when 11132 is divided by 174.
170
What is the remainder when 1585 is divided by 145?
135
What is the remainder when 659 is divided by 51?
47
What is the remainder when 77 is divided by 14?
7
What is the remainder when 358 is divided by 91?
85
What is the remainder when 211 is divided by 57?
40
What is the remainder when 8158 is divided by 204?
202
Calculate the remainder when 56 is divided by 23.
10
What is the remainder when 166 is divided by 31?
11
Calculate the remainder when 3725 is divided by 9.
8
Calculate the remainder when 1509 is divided by 43.
4
Calculate the remainder when 292 is divided by 79.
55
What is the remainder when 91 is divided by 55?
36
What is the remainder when 3972 is divided by 17?
11
Calculate the remainder when 228 is divided by 29.
25
What is the remainder when 1222 is divided by 4?
2
Calculate the remainder when 1248 is divided by 25.
23
Calculate the remainder when 63 is divided by 48.
15
What is the remainder when 2145 is divided by 134?
1
Calculate the remainder when 2331 is divided by 146.
141
Calculate the remainder when 538 is divided by 132.
10
What is the remainder when 1372 is divided by 86?
82
Calculate the remainder when 2864 is divided by 26.
4
Calculate the remainder when 104 is divided by 64.
40
What is the remainder when 367 is divided by 62?
57
What is the remainder when 31 is divided by 8?
7
Calculate the remainder when 314 is divided by 21.
20
Calculate the remainder when 42 is divided by 12.
6
What is the remainder when 1549 is divided by 143?
119
Calculate the remainder when 60 is divided by 7.
4
What is the remainder when 915 is divided by 22?
13
Calculate the remainder when 190 is divided by 15.
10
Calculate the remainder when 543 is divided by 8.
7
Calculate the remainder when 130 is divided by 61.
8
What is the remainder when 170 is divided by 44?
38
What is the remainder when 130 is divided by 27?
22
Calculate the remainder when 835 is divided by 44.
43
What is the remainder when 179 is divided by 20?
19
What is the remainder when 17875 is divided by 14?
11
What is the remainder when 684 is divided by 11?
2
Calculate the remainder when 517 is divided by 13.
10
Calculate the remainder when 1499 is divided by 25.
24
What is the remainder when 66 is divided by 18?
12
What is the remainder when 608 is divided by 29?
28
What is the remainder when 425 is divided by 24?
17
Calculate the remainder when 461 is divided by 79.
66
Calculate the remainder when 1997 is divided by 40.
37
Calculate the remainder when 1790 is divided by 47.
4
What is the remainder when 12156 is divided by 160?
156
What is the remainder when 2207 is divided by 46?
45
Calculate the remainder when 12 is divided by 8.
4
What is the remainder when 459 is divided by 133?
60
Calculate the remainder when 164 is divided by 144.
20
What is the remainder when 1241 is divided by 46?
45
Calculate the remainder when 86 is divided by 23.
17
Calculate the remainder when 345 is divided by 12.
9
Calculate the remainder when 84 is divided by 47.
37
What is the remainder when 2447 is divided by 25?
22
Calculate the remainder when 24 is divided by 9.
6
Calculate the remainder when 3679 is divided by 230.
229
What is the remainder when 136 is divided by 51?
34
What is the remainder when 914 is divided by 69?
17
What is the remainder when 45 is divided by 23?
22
What is the remainder when 281 is divided by 19?
15
What is the remainder when 1627 is divided by 386?
83
What is the remainder when 1226 is divided by 323?
257
Calculate the remainder when 6938 is divided by 26.
22
What is the remainder when 603 is divided by 119?
8
Calculate the remainder when 5041 is divided by 47.
12
What is the remainder when 141 is divided by 29?
25
Calculate the remainder when 109 is divided by 3.
1
What is the remainder when 11312 is divided by 365?
362
Calculate the remainder when 784 is divided by 202.
178
What is the remainder when 224 is divided by 44?
4
Calculate the remainder when 71 is divided by 15.
11
Calculate the remainder when 76 is divided by 16.
12
Calculate the remainder when 146 is divided by 74.
72
What is the remainder when 118 is divided by 19?
4
Calculate the remainder when 1361 is divided by 22.
19
Calculate the remainder when 258 is divided by 146.
112
Calculate the remainder when 879 is divided by 42.
39
What is the remainder when 70 is divided by 15?
10
What is the remainder when 1320 is divided by 53?
48
What is the remainder when 338 is divided by 31?
28
Calculate the remainder when 29 is divided by 5.
4
Calculate the remainder when 365 is divided by 11.
2
What is the remainder when 669 is divided by 201?
66
Calculate the remainder when 762 is divided by 20.
2
What is the remainder when 348 is divided by 33?
18
What is the remainder when 5961 is divided by 14?
11
Calculate the remainder when 829 is divided by 63.
10
Calculate the remainder when 3131 is divided by 55.
51
What is the remainder when 340 is divided by 311?
29
Calculate the remainder when 7387 is divided by 112.
107
What is the remainder when 964 is divided by 82?
62
What is the remainder when 85 is divided by 18?
13
Calculate the remainder when 5997 is divided by 100.
97
Calculate the remainder when 431 is divided by 334.
97
Calculate the remainder when 90 is divided by 71.
19
What is the remainder when 111 is divided by 19?
16
What is the remainder when 143 is divided by 76?
67
Calculate the remainder when 3636 is divided by 17.
15
Calculate the remainder when 1687 is divided by 94.
89
What is the remainder when 1103 is divided by 332?
107
What is the remainder when 3531 is divided by 42?
3
Calculate the remainder when 116 is divided by 41.
34
Calculate the remainder when 10426 is divided by 70.
66
Calculate the remainder when 1206 is divided by 135.
126
What is the remainder when 66261 is divided by 14?
13
Calculate the remainder when 598 is divided by 60.
58
What is